) = 11*u - 12 + 5*u**2 + 9*u + 0*u**o - 13*u. List the prime factors of c(-8).
2, 3, 7
Let y = -4 - -23. Let n = y + 5. What are the prime factors of 1232/n + 1/(-3)?
3, 17
Let x be 2 + (6 - 1) + 0/1. Let d be ((1 + 1)*x/(-14))/(-1). Let g = 27 + d. What are the prime factors of g?
2, 7
What are the prime factors of ((-97464)/40 - 6)/((-4)/20)?
3, 23, 59
Suppose -6*i + 11*i + m = -2, -3*i - m - 2 = 0. Suppose 2*p + 3*w - 701 = 0, i = -0*p - 2*p - 4*w + 696. What are the prime factors of p?
2, 179
Suppose g - 49 + 235 = 0. Let y = g - -249. What are the prime factors of y?
3, 7
Let x = -20 + 23. Let r(t) be the third derivative of t**4/3 - 5*t**3/3 + 2*t**2. List the prime factors of r(x).
2, 7
Let k(y) = 225*y + 3410. What are the prime factors of k(25)?
5, 13, 139
Suppose 0 = 11*t + t. Suppose t = 2*c - 61 + 51. Suppose -369 = -c*s + 511. What are the prime factors of s?
2, 11
Let t(d) = -5924*d**3 + 3*d**2 + 2*d - 2. What are the prime factors of t(-1)?
5923
Let x(d) = -d**3 + d + 6. Let c be x(0). Suppose 0 = c*m + m + 7. Let g(p) = 14*p**2 - 1. What are the prime factors of g(m)?
13
Suppose -6*a - 39 = 3. Let b be 7/49 + (-34)/a. Let x(t) = -t**2 + 12*t - 3. List the prime factors of x(b).
2
Let k(p) = p**2 + 2*p - 6. Let l be k(-5). Let v(j) = 7*j - 7. Let x be v(l). Let w = 14 + x. List the prime factors of w.
2, 5, 7
Suppose -19*m - r - 10 = -15*m, 8 = 4*r. Let k(u) = -38*u**3 - 3. What are the prime factors of k(m)?
3, 11, 31
Let a = -16312 - -22232. List the prime factors of a.
2, 5, 37
Suppose -5*k - 970 = -3*n, 4*n = 6*n - 2*k - 640. What are the prime factors of 2/9 - (-315875)/n?
17, 59
Let n = 4 + -2. Suppose -m = 5*u - 90, m - n*m + 90 = 2*u. Suppose 5*o + m = x, 5*x = 2*o + 2*o + 408. List the prime factors of x.
2, 5
Let w = 379 - 353. Suppose w*l - 3451 = 865. What are the prime factors of l?
2, 83
Let q = -4 + 4. Let k be 16/(-32) + (-19)/(-2). Suppose a - 89 + k = q. List the prime factors of a.
2, 5
Let w = 435 - -6882. List the prime factors of w.
3, 271
Let i = 605 - 586. Suppose i*f - 61*f + 2016 = 0. What are the prime factors of f?
2, 3
Let g(d) = -d**3 - 9*d**2 - 12*d - 30. Let z be g(-8). Suppose z*s = 5*c + 1057, -2*s + 0*s = 4*c - 1012. What are the prime factors of s?
2, 3, 43
What are the prime factors of 7*(-81)/378*10418/6*-2?
5209
Suppose 4*p + 32 = 4*h - 12, 0 = -2*p - 10. Suppose 8 = -2*y, 0 = -2*f + h*f + 2*y - 2432. What are the prime factors of f?
2, 5, 61
Suppose 518 = 61*l - 56*l - 3*p, -4*l + 407 = 5*p. What are the prime factors of l?
103
Let t be (-639)/(-15) - (-8)/20. Suppose 135 = j + t. What are the prime factors of j?
2, 23
Let n = 3232 + 19667. List the prime factors of n.
3, 17, 449
Let w = -2538 + 2460. Suppose 0 = -2*g - r - 0*r + 381, 5 = r. Let t = g + w. What are the prime factors of t?
2, 5, 11
Let g = -112 - -1166. Let a = g + -486. What are the prime factors of a?
2, 71
Let n(f) be the third derivative of 31*f**2 + 1/2*f**3 - 1/6*f**5 + 11/12*f**4 + 0 + 0*f + 1/120*f**6. What are the prime factors of n(9)?
2, 3, 5
Let h(f) = 147*f - 7. List the prime factors of h(3).
2, 7, 31
Let m(o) = -o**3 + 5*o**2 + 15*o - 15. Let i be m(6). Let t = i - 64. Let z = 84 - t. What are the prime factors of z?
109
List the prime factors of -223*((-13)/(-39))/((-2)/138).
23, 223
Let a(w) = -3*w**3 - 7*w**2 - 5*w + 9. Let j(h) = -3*h**3 - 7*h**2 - 3*h + 9. Let d(r) = -5*a(r) + 6*j(r). What are the prime factors of d(-6)?
3, 11
Let c = -2927 - -10403. List the prime factors of c.
2, 3, 7, 89
Let h = 1536 + -1104. What are the prime factors of h?
2, 3
Let m = -70 - -103. Let h = m - 31. Suppose -h*l = 3 - 9, 2*g - 106 = 4*l. List the prime factors of g.
59
Let k = 98 - -37. Let c = k + 14. What are the prime factors of c?
149
Let r = -26 + 30. Suppose -r*v + 3*v = 0, -4*q - v = -1992. List the prime factors of q.
2, 3, 83
Let r(p) = -p + 25. Suppose 21 = m + 3*i, -4*i - 31 = -2*m + i. Let c = 31 - m. List the prime factors of r(c).
2, 3
Suppose -5*f - 2*v = 0, -3*v = 3*f - v + 4. Suppose b + 101 = -f*i - 216, 4*b = 12. Let c = 360 + i. What are the prime factors of c?
2, 5
Suppose 61760 = 5*s + 5*x, -s + 12355 = 7*x - 3*x. List the prime factors of s.
3, 23, 179
Let z(o) = -7*o**2 - 10*o + 41. Let v be z(-8). Let w = 35 - v. What are the prime factors of w?
2, 181
Let q be (5/2)/((-10)/6140). Let f = q - -2381. What are the prime factors of f?
2, 3, 47
Let i(d) = 6*d + 38. Let z be i(-6). Let f(h) = 0*h**3 + h**3 - 2*h**z + 1 - 4*h**2 - 8*h**2 + 17*h. What are the prime factors of f(13)?
53
Let f(a) = 2*a + 64. Let q be f(-37). List the prime factors of (-32982)/(-115) + (-12)/q.
2, 3
Suppose a - 25 = -5*y - 3*a, -5*a = -2*y + 43. Let i be y/3 - 2 - -3. Suppose i*b + 493 = 7*b + c, -3*b + c = -491. List the prime factors of b.
2, 41
Let x = -74 - -41. What are the prime factors of ((-9)/(-4))/((x/136)/(-11))?
2, 3, 17
List the prime factors of ((-1089554)/(-519))/(4/6).
47, 67
What are the prime factors of 83 + -102 - 14441/(-1)?
2, 7211
Let z = 71912 - 40962. What are the prime factors of z?
2, 5, 619
Suppose v = -0*w + w + 4, 3*w = -3*v - 18. Let u(d) = -154*d - 3. List the prime factors of u(v).
151
Suppose 1894 = x - y - 3309, x - 5207 = 5*y. List the prime factors of x.
2, 3, 17
Suppose 318 - 98 = 11*m. What are the prime factors of ((-12)/m)/(5/(-1175))?
3, 47
Let n(w) = w**2 + w - 29. Let u be n(16). Suppose -3*s - u = -288. Suppose -9*i + s = -12. What are the prime factors of i?
3
Suppose 17*k - 164486 = 21392. Suppose 19*g - 10859 = k. List the prime factors of g.
31, 37
List the prime factors of (-225)/24 - (-15)/40 - -6805.
2, 1699
Let z be (-333)/(-2)*(200/6)/(-10). Let p be 1/((-5)/z) + -1. Suppose -4*o - 1 = x, x + 3*o = 6*x - p. What are the prime factors of x?
19
Let t be (-1)/((-4)/(-20)*1). Let h be ((-8)/4)/((-2)/t). Let b = h - -76. List the prime factors of b.
71
Let k = -1082 - -2134. List the prime factors of k.
2, 263
Suppose -151*l = -256717 - 1270449 - 24057. What are the prime factors of l?
10273
Let b = 10370 + -4302. Suppose 0 = 22*n + b - 17684. What are the prime factors of n?
2, 3, 11
Let z(s) = -3*s**2 + 221*s - 40. List the prime factors of z(17).
2, 3, 5, 19
Let l = -5400 + 8845. Suppose l = 9*a - 2342. What are the prime factors of a?
643
Let p(m) = 28*m**2 - 37*m - 153. Let b(w) = 3*w**3 + 12*w**2 - 33*w + 13. Let i be b(-6). List the prime factors of p(i).
2, 3, 61
Suppose -3*v - 3*c = -66, -112 + 18 = -5*v + 3*c. Let o be 296/5*v/8. Suppose 0*g = g + 4, 4*g - o = -4*s. What are the prime factors of s?
41
Let x(w) = 29*w - 141. Let i = -352 + 367. List the prime factors of x(i).
2, 3, 7
Suppose -10*r + 8*r = -12. Let t(h) = 59*h - 19. Let y be t(3). Suppose -r*w = -524 + y. What are the prime factors of w?
61
Suppose -2*y + 2*d = -33828, y - 16874 = 1753*d - 1757*d. List the prime factors of y.
2, 79, 107
Suppose r = -2*x - 2*x - 9, -3*x - 9 = 0. Let k be 2/(r + (-52)/20). What are the prime factors of 386/8 + k/(-20)?
2, 3
Suppose 183*a - 188*a + 200 = 0. List the prime factors of (-5 - -7) + a + 2/1.
2, 11
Let w(z) = 7*z**3 - 2*z**2 - 9. Let v be w(-3). Let g = 410 + v. What are the prime factors of g?
2, 97
Let s = -424 - -1957. What are the prime factors of s?
3, 7, 73
Suppose 5*t = t + 8. Suppose p = t*p + 1, 3*q + 7 = 5*p. Let s(u) = -u**3 + 6*u**2 + 2*u. List the prime factors of s(q).
2, 19
Suppose -9629 = 9*q - 8091 - 93104. List the prime factors of q.
2, 5087
Let k be (-1 - (-1 - -1)) + 26. Suppose 0 = 11*h + 69 - k. List the prime factors of (-6 - -3)/(-12) + (-687)/h.
2, 43
Let g be 3*2 + 11205 + -43. Suppose -13304 - g = -28*h. List the prime factors of h.
2, 19, 23
Let o(f) be the first derivative of -2*f**2 + 344*f + 43. What are the prime factors of o(0)?
2, 43
Suppose -10*a = 5*w - 13*a + 36, -51 = 4*w + 5*a. Let t(j) = -162*j + 180. What are the prime factors of t(w)?
2, 3, 7, 13
Let m(b) = -4285*b + 596. List the prime factors of m(-1).
3, 1627
Let w = -211 - -196. What are the prime factors of (1 - -4)/(w/(-495))?
3, 5, 11
Let z(i) = i**2 + 2*i + 2. Let u be z(-3). Suppose -4*r + 3*m = -5, -14 = -u*r - 4*m - 0. List the prime factors of 4 - -120*r/1.
2, 61
Let m(l) = 70*l - 56. Let o be m(7). Suppose 3*x + 5*t = 1280, x + 11*t = 13*t + o. Lis